{"id":146,"date":"2025-09-16T10:59:49","date_gmt":"2025-09-16T08:59:49","guid":{"rendered":"https:\/\/mouscaillo.com\/?page_id=146"},"modified":"2025-09-23T16:12:44","modified_gmt":"2025-09-23T14:12:44","slug":"mentions-legales","status":"publish","type":"page","link":"https:\/\/mouscaillo.com\/index.php\/fr\/mentions-legales\/","title":{"rendered":"Mentions L\u00e9gales"},"content":{"rendered":"\n<h2 class=\"wp-block-heading\">Propri\u00e9taire et r\u00e9dacteur<\/h2>\n\n\n\n<p><strong>Editeur du site :<\/strong> Le site https:\/\/www.mouscaillo.com est \u00e9dit\u00e9 et g\u00e9r\u00e9 par la soci\u00e9t\u00e9 EARL Mouscaillo, entreprise agricole exploitant des vignes et produisant des vins effervescents et tranquilles.<br><strong>D\u00e9nomination sociale :<\/strong> EARL MOUSCAILLO<br><strong>Si\u00e8ge social :<\/strong> 4 rue du Fr\u00eane, 11300 Roquetaillade-et-Conilhac, FRANCE<br><strong>Forme juridique de la soci\u00e9t\u00e9\u00a0 : <\/strong>Entreprise Agricole \u00e0 Responsabilit\u00e9 Limit\u00e9e<br><strong>Montant du capital social :<\/strong> 7 500 \u20ac<br><strong>Num\u00e9ro RCS (SIREN) : <\/strong>882 808 165<br><strong>Num\u00e9ro individuel d&rsquo;identification fiscale :<\/strong> FR42 882 808 165<br><strong>Contact :<\/strong> courriel : info@mouscaillo.com<br>Mobile +33 (0)6 76 77 02 51  \/ +33 (0)6 87 07 02 36<br><strong>Directeur de la publication :<\/strong> Thomas FORT, cog\u00e9rant de l&rsquo;EARL MOUSCAILLO<\/p>\n\n\n\n<h2 class=\"wp-block-heading\">H\u00e9bergement et conception<\/h2>\n\n\n\n<p><strong>H\u00e9bergeur du site :<\/strong> Le site est h\u00e9berg\u00e9 par <a href=\"https:\/\/www.o2switch.fr\" data-type=\"link\" data-id=\"https:\/\/www.o2switch.fr\">o2switch<\/a>.<br><strong>Conception et d\u00e9veloppement du site :<\/strong> Le site a \u00e9t\u00e9 con\u00e7u et d\u00e9velopp\u00e9 par l&rsquo;EARL MOUSCAILLO, \u00e0 l&rsquo;aide du syst\u00e8me de gestion de contenu WordPress.<br><strong>Propri\u00e9t\u00e9 intellectuelle :<\/strong> Tous les contenus pr\u00e9sents sur le site (textes, images, vid\u00e9os, etc.) sont la propri\u00e9t\u00e9 exclusive de l&rsquo;EARL MOUSCAILLO. Toute reproduction, distribution ou utilisation sans autorisation pr\u00e9alable est strictement interdite.<br><strong>Cr\u00e9dit photos :<\/strong> Les photographies et m\u00e9dias pr\u00e9sentes sur le site sont la propri\u00e9t\u00e9 de l&rsquo;EARL MOUSCAILLO, ou sont utilis\u00e9es avec l\u2019autorisation de leurs auteurs.<\/p>\n\n\n\n<h2 class=\"wp-block-heading\">Politique de confidentialit\u00e9<\/h2>\n\n\n\n<p><strong>Protection des donn\u00e9es personnelles :<\/strong> Les informations collect\u00e9es via le site sont destin\u00e9es \u00e0 l&rsquo;EARL MOUSCAILLO et sont utilis\u00e9es conform\u00e9ment \u00e0 la l\u00e9gislation en vigueur sur la protection des donn\u00e9es personnelles. Conform\u00e9ment \u00e0 la loi du 6 Janvier 1978 relative \u00e0 l&rsquo;informatique, aux fichiers et aux libert\u00e9s, les utilisateurs disposent d\u2019un droit d\u2019acc\u00e8s, de rectification et de suppression des donn\u00e9es les concernant en contactant l&rsquo;EARL MOUSCAILLO.<\/p>\n\n\n\n<p><strong>Responsabilit\u00e9 :<\/strong> L&rsquo;EARL MOUSCAILLO s\u2019efforce d\u2019assurer l\u2019exactitude et la mise \u00e0 jour des informations diffus\u00e9es sur le site. Cependant, elle ne peut \u00eatre tenue responsable des erreurs ou omissions \u00e9ventuelles. Le site contient des liens externes vers d&rsquo;autres sites : l&rsquo;EARL MOSUCAILLO n&rsquo;est pas responsable du contenu de ces sites externes.<\/p>\n\n\n\n<p><strong>Loi applicable :<\/strong> Les pr\u00e9sentes mentions l\u00e9gales sont soumises au droit fran\u00e7ais.<\/p>\n\n\n\n<p>Pour toute informations suppl\u00e9mentaires ou r\u00e9clamations, veuillez contacter l&rsquo;EARL MOUSCAILLO aux coordonn\u00e9es mentionn\u00e9es ci-dessus.<\/p>\n\n\n\n<p><\/p>\n","protected":false},"excerpt":{"rendered":"<p>Propri\u00e9taire et r\u00e9dacteur Editeur du site : Le site https:\/\/www.mouscaillo.com est \u00e9dit\u00e9 et g\u00e9r\u00e9 par la soci\u00e9t\u00e9 EARL Mouscaillo, entreprise agricole exploitant des vignes et produisant des vins effervescents et tranquilles.D\u00e9nomination sociale : EARL MOUSCAILLOSi\u00e8ge social : 4 rue du Fr\u00eane, 11300 Roquetaillade-et-Conilhac, FRANCEForme juridique de la soci\u00e9t\u00e9\u00a0 : Entreprise Agricole \u00e0 Responsabilit\u00e9 Limit\u00e9eMontant du [&hellip;]<\/p>\n","protected":false},"author":1,"featured_media":0,"parent":0,"menu_order":0,"comment_status":"closed","ping_status":"closed","template":"","meta":{"_uag_custom_page_level_css":"","footnotes":""},"class_list":["post-146","page","type-page","status-publish","hentry"],"blocksy_meta":[],"uagb_featured_image_src":{"full":false,"thumbnail":false,"medium":false,"medium_large":false,"large":false,"1536x1536":false,"2048x2048":false},"uagb_author_info":{"display_name":"Thofort","author_link":"https:\/\/mouscaillo.com\/index.php\/author\/thofort\/"},"uagb_comment_info":0,"uagb_excerpt":"Propri\u00e9taire et r\u00e9dacteur Editeur du site : Le site https:\/\/www.mouscaillo.com est \u00e9dit\u00e9 et g\u00e9r\u00e9 par la soci\u00e9t\u00e9 EARL Mouscaillo, entreprise agricole exploitant des vignes et produisant des vins effervescents et tranquilles.D\u00e9nomination sociale : EARL MOUSCAILLOSi\u00e8ge social : 4 rue du Fr\u00eane, 11300 Roquetaillade-et-Conilhac, FRANCEForme juridique de la soci\u00e9t\u00e9\u00a0 : Entreprise Agricole \u00e0 Responsabilit\u00e9 Limit\u00e9eMontant du\u2026","_links":{"self":[{"href":"https:\/\/mouscaillo.com\/index.php\/wp-json\/wp\/v2\/pages\/146","targetHints":{"allow":["GET"]}}],"collection":[{"href":"https:\/\/mouscaillo.com\/index.php\/wp-json\/wp\/v2\/pages"}],"about":[{"href":"https:\/\/mouscaillo.com\/index.php\/wp-json\/wp\/v2\/types\/page"}],"author":[{"embeddable":true,"href":"https:\/\/mouscaillo.com\/index.php\/wp-json\/wp\/v2\/users\/1"}],"replies":[{"embeddable":true,"href":"https:\/\/mouscaillo.com\/index.php\/wp-json\/wp\/v2\/comments?post=146"}],"version-history":[{"count":0,"href":"https:\/\/mouscaillo.com\/index.php\/wp-json\/wp\/v2\/pages\/146\/revisions"}],"wp:attachment":[{"href":"https:\/\/mouscaillo.com\/index.php\/wp-json\/wp\/v2\/media?parent=146"}],"curies":[{"name":"wp","href":"https:\/\/api.w.org\/{rel}","templated":true}]}}