{"id":69,"date":"2025-09-15T16:25:18","date_gmt":"2025-09-15T14:25:18","guid":{"rendered":"https:\/\/mouscaillo.com\/?page_id=69"},"modified":"2025-09-22T18:21:35","modified_gmt":"2025-09-22T16:21:35","slug":"agroecology","status":"publish","type":"page","link":"https:\/\/mouscaillo.com\/index.php\/en\/agroecology\/","title":{"rendered":"Agroecology"},"content":{"rendered":"\n<div class=\"wp-block-uagb-container uagb-block-01362ace alignwide uagb-is-root-container\">\n<div class=\"wp-block-group is-vertical is-content-justification-center is-layout-flex wp-container-core-group-is-layout-ce155fab wp-block-group-is-layout-flex\">\n<p class=\"has-text-align-center has-palette-color-9-color has-text-color has-link-color has-xx-large-font-size wp-elements-95f32ec0611f39f093cf9350aa9298ef\">Agroecology<\/p>\n\n\n\n<p class=\"has-text-align-center has-palette-color-9-color has-text-color has-link-color has-large-font-size wp-elements-c994a6a74f172618e8e8ac3142752acf\">A complex but integrative  agricultural system<\/p>\n<\/div>\n<\/div>\n\n\n\n<p>We work without any dogma nor label. We follow many principles from agroecology and we attempt to have a holistic approach of the \u00ab\u00a0wine production\u00a0\u00bb system. We thus set up a multitude of actions to preserve the environment and the terroir.<\/p>\n\n\n\n<hr class=\"wp-block-separator has-alpha-channel-opacity\" id=\"system-readmore\"\/>\n\n\n\n<h4 class=\"wp-block-heading\">What is agroecology?<\/h4>\n\n\n\n<p>Our studies in ecology encourage us to look for the best ways of preserving the environment and the terroir, while keeping the vines healthy.<\/p>\n\n\n\n<p>We avoid doing reductionnism and we attempt to have a holistic approach. We consider the complexity of the whole system and we work on a many levers simultaneously instead of looking for a unique solution to an issue.<\/p>\n\n\n\n<p>Agroecology give us a global vision, which takes into account all the dimensions of the whole system: agricultural, agronomic, environmental, oenological, socio-economic, health, &#8230;<\/p>\n\n\n\n<p>You can read a fuller definition of this concept on the dictionary of agroecology edited by the french institute of agronomic research (INRAE): <a href=\"https:\/\/dicoagroecologie.fr\/en\/encyclopedia\/agroecology\/\">dicoAE<\/a>.<\/p>\n\n\n\n<div class=\"wp-block-columns alignfull is-not-stacked-on-mobile is-layout-flex wp-container-core-columns-is-layout-28f84493 wp-block-columns-is-layout-flex\">\n<div class=\"wp-block-column is-layout-flow wp-block-column-is-layout-flow\">\n<figure class=\"wp-block-image size-large\"><img loading=\"lazy\" decoding=\"async\" width=\"1024\" height=\"768\" src=\"https:\/\/mouscaillo.com\/wp-content\/uploads\/2025\/09\/20190711_190519-1024x768.jpg\" alt=\"\" class=\"wp-image-279\" srcset=\"https:\/\/mouscaillo.com\/wp-content\/uploads\/2025\/09\/20190711_190519-1024x768.jpg 1024w, https:\/\/mouscaillo.com\/wp-content\/uploads\/2025\/09\/20190711_190519-300x225.jpg 300w, https:\/\/mouscaillo.com\/wp-content\/uploads\/2025\/09\/20190711_190519-768x576.jpg 768w, https:\/\/mouscaillo.com\/wp-content\/uploads\/2025\/09\/20190711_190519-1536x1152.jpg 1536w, https:\/\/mouscaillo.com\/wp-content\/uploads\/2025\/09\/20190711_190519.jpg 1811w\" sizes=\"auto, (max-width: 1024px) 100vw, 1024px\" \/><\/figure>\n<\/div>\n\n\n\n<div class=\"wp-block-column is-layout-flow wp-block-column-is-layout-flow\">\n<figure class=\"wp-block-image size-large\"><img loading=\"lazy\" decoding=\"async\" width=\"1024\" height=\"768\" src=\"https:\/\/mouscaillo.com\/wp-content\/uploads\/2025\/09\/IMG_0068-1024x768.jpg\" alt=\"\" class=\"wp-image-282\" srcset=\"https:\/\/mouscaillo.com\/wp-content\/uploads\/2025\/09\/IMG_0068-1024x768.jpg 1024w, https:\/\/mouscaillo.com\/wp-content\/uploads\/2025\/09\/IMG_0068-300x225.jpg 300w, https:\/\/mouscaillo.com\/wp-content\/uploads\/2025\/09\/IMG_0068-768x576.jpg 768w, https:\/\/mouscaillo.com\/wp-content\/uploads\/2025\/09\/IMG_0068-1536x1152.jpg 1536w, https:\/\/mouscaillo.com\/wp-content\/uploads\/2025\/09\/IMG_0068-2048x1536.jpg 2048w\" sizes=\"auto, (max-width: 1024px) 100vw, 1024px\" \/><\/figure>\n<\/div>\n\n\n\n<div class=\"wp-block-column is-layout-flow wp-block-column-is-layout-flow\">\n<figure class=\"wp-block-image size-full\"><img loading=\"lazy\" decoding=\"async\" width=\"1813\" height=\"1360\" src=\"https:\/\/mouscaillo.com\/wp-content\/uploads\/2025\/09\/20210923_121311.jpg\" alt=\"\" class=\"wp-image-294\" srcset=\"https:\/\/mouscaillo.com\/wp-content\/uploads\/2025\/09\/20210923_121311.jpg 1813w, https:\/\/mouscaillo.com\/wp-content\/uploads\/2025\/09\/20210923_121311-300x225.jpg 300w, https:\/\/mouscaillo.com\/wp-content\/uploads\/2025\/09\/20210923_121311-1024x768.jpg 1024w, https:\/\/mouscaillo.com\/wp-content\/uploads\/2025\/09\/20210923_121311-768x576.jpg 768w, https:\/\/mouscaillo.com\/wp-content\/uploads\/2025\/09\/20210923_121311-1536x1152.jpg 1536w\" sizes=\"auto, (max-width: 1813px) 100vw, 1813px\" \/><\/figure>\n<\/div>\n<\/div>\n\n\n\n<h4 class=\"wp-block-heading\">Quality Labels?<\/h4>\n\n\n\n<p>We could just tell you we are certified <strong>HVE<\/strong> (High Environmental Value) and in conversion to EU <strong>Organic Label<\/strong>. However, it will only be a very simplistic summary of what we are really doing on the estate. No national or european label take into account the diversity of the terroirs and their own characteristics. Do you believe that we can take care of our vines and protect the environment the same way in Bordeaux, Alsace, Italy or Roquetaillade?<\/p>\n\n\n\n<p>We think we have to question ourselves systematically. Each year differs from the previous one and need to be considered in a different way. All our practices should not be taken for granted, so we discuss a lot with other wine-growers,&nbsp;we continuously do many tests, and we keep ourselves informed of the technical advances and developments in scientific knowledge.<\/p>\n\n\n\n<div class=\"wp-block-group is-content-justification-center is-nowrap is-layout-flex wp-container-core-group-is-layout-23441af8 wp-block-group-is-layout-flex\">\n<figure class=\"wp-block-image size-large is-resized is-style-default\"><img loading=\"lazy\" decoding=\"async\" width=\"500\" height=\"500\" src=\"https:\/\/mouscaillo.com\/wp-content\/uploads\/2025\/09\/hve_couleur.png\" alt=\"\" class=\"wp-image-286\" style=\"width:126px;height:auto\" srcset=\"https:\/\/mouscaillo.com\/wp-content\/uploads\/2025\/09\/hve_couleur.png 500w, https:\/\/mouscaillo.com\/wp-content\/uploads\/2025\/09\/hve_couleur-300x300.png 300w, https:\/\/mouscaillo.com\/wp-content\/uploads\/2025\/09\/hve_couleur-150x150.png 150w\" sizes=\"auto, (max-width: 500px) 100vw, 500px\" \/><\/figure>\n\n\n\n<figure class=\"wp-block-image size-large is-resized\"><img loading=\"lazy\" decoding=\"async\" width=\"736\" height=\"1024\" src=\"https:\/\/mouscaillo.com\/wp-content\/uploads\/2025\/09\/AB_cert_HD-736x1024.jpg\" alt=\"\" class=\"wp-image-287\" style=\"width:98px;height:auto\" srcset=\"https:\/\/mouscaillo.com\/wp-content\/uploads\/2025\/09\/AB_cert_HD-736x1024.jpg 736w, https:\/\/mouscaillo.com\/wp-content\/uploads\/2025\/09\/AB_cert_HD-216x300.jpg 216w, https:\/\/mouscaillo.com\/wp-content\/uploads\/2025\/09\/AB_cert_HD-768x1068.jpg 768w, https:\/\/mouscaillo.com\/wp-content\/uploads\/2025\/09\/AB_cert_HD-1104x1536.jpg 1104w, https:\/\/mouscaillo.com\/wp-content\/uploads\/2025\/09\/AB_cert_HD-1472x2048.jpg 1472w, https:\/\/mouscaillo.com\/wp-content\/uploads\/2025\/09\/AB_cert_HD.jpg 1833w\" sizes=\"auto, (max-width: 736px) 100vw, 736px\" \/><\/figure>\n\n\n\n<figure class=\"wp-block-image size-large is-resized\"><img loading=\"lazy\" decoding=\"async\" width=\"638\" height=\"425\" src=\"https:\/\/mouscaillo.com\/wp-content\/uploads\/2025\/09\/logoeuropeenpantoneAB.jpg\" alt=\"\" class=\"wp-image-288\" style=\"width:131px;height:auto\" srcset=\"https:\/\/mouscaillo.com\/wp-content\/uploads\/2025\/09\/logoeuropeenpantoneAB.jpg 638w, https:\/\/mouscaillo.com\/wp-content\/uploads\/2025\/09\/logoeuropeenpantoneAB-300x200.jpg 300w\" sizes=\"auto, (max-width: 638px) 100vw, 638px\" \/><\/figure>\n<\/div>\n\n\n\n<div class=\"wp-block-group is-layout-constrained wp-block-group-is-layout-constrained\"><\/div>\n\n\n\n<h4 class=\"wp-block-heading\">What are we actually doing?<\/h4>\n\n\n\n<p>Here is a non-exaustive list of actions we are setting up. These practices are all interconnected: they must be considered in a whole scheme that will, in short-term or long-term, allows to achieve our objectives.<\/p>\n\n\n\n<figure class=\"wp-block-table\"><table class=\"has-fixed-layout\"><tbody><tr><td><strong>Agroecological objective<\/strong><\/td><td><strong>Actions<\/strong><\/td><\/tr><tr><td>Rebuild ecological corridors and avoid habitat fragmentation<\/td><td>Restoration and maintenance of hedges<\/td><\/tr><tr><td>Limit flows to nearby ecosystems<\/td><td>Maintenance of grass strips and hedges on the edge of each vineyard<\/td><\/tr><tr><td>Preserve biodiversity<\/td><td>Conservation and restoration of a diversity of habitat in the landscape: forests, meadows, wetlands&#8230; Installation of refuges for wildlife (chiropterans, coleopters, arachnids, reptiles, &#8230;) Maintenance of a natural grassing at least between half of the rows. Reintroduction of diversity in each grape variety (\u00ab\u00a0massal selection\u00a0\u00bb, variety conservatoire).<\/td><\/tr><tr><td>Limit soil erosion<\/td><td>Natural and semi-natural grassing between the rows Maintenance of hedges<\/td><\/tr><tr><td>Restore a more diverse and local flora<\/td><td>No use of herbicides<\/td><\/tr><tr><td>Reduce the amount of phytosanitary products<\/td><td>Monitoring of the life cycle of pathogens and auxiliaries Use of epidemiologic models that predict pest attacks Use of biocontrols (pheromone traps, plant defense stimulators) Monitoring of natural enemies (Chiroptera, Acari, Arachnids, Coleoptera, Chrysopidae, &#8230;)<\/td><\/tr><tr><td>Reduce organic pollution<\/td><td>No massive inputs of fertiliser. Only organical and localised inputs. Use of grenn manure crops between the vine rows.<\/td><\/tr><tr><td>Reduce the risks on human health<\/td><td>No use of CMR (Canc\u00e9rig\u00e8ne Mutag\u00e8ne Reprotoxique) Reduce the use of inputs. No inputs in the wines, except from a slight dose of sulphite, necessary to preserve the wines in bottle.<\/td><\/tr><tr><td>Preserve the soil ecosystem<\/td><td>Limit sol tillage Reduce the inputs in vineyards Avoid too much tractor passages to prevent soil compaction<\/td><\/tr><tr><td>Extend vineyard lifespan and fight against wood diseases<\/td><td>Field grafting on rootstocks Gentle pruning (sap flow) Replacement of missing plants Coppicing<\/td><\/tr><tr><td>Change our energy policy<\/td><td>EAHX (Earth-to-Air Heat Exchanger) regulate the temperature in the cellar Photovoltaic pannels on the roof of the cellar Avoid too much tractor passages (many tasks made by hand in the vineyards) Avoid an excessive use of heating and air conditionning in the cellar<\/td><\/tr><\/tbody><\/table><\/figure>\n","protected":false},"excerpt":{"rendered":"<p>Agroecology A complex but integrative agricultural system We work without any dogma nor label. We follow many principles from agroecology and we attempt to have a holistic approach of the \u00ab\u00a0wine production\u00a0\u00bb system. We thus set up a multitude of actions to preserve the environment and the terroir. What is agroecology? Our studies in ecology [&hellip;]<\/p>\n","protected":false},"author":1,"featured_media":0,"parent":0,"menu_order":0,"comment_status":"closed","ping_status":"closed","template":"","meta":{"_uag_custom_page_level_css":"","footnotes":""},"class_list":["post-69","page","type-page","status-publish","hentry"],"blocksy_meta":[],"uagb_featured_image_src":{"full":false,"thumbnail":false,"medium":false,"medium_large":false,"large":false,"1536x1536":false,"2048x2048":false},"uagb_author_info":{"display_name":"Thofort","author_link":"https:\/\/mouscaillo.com\/index.php\/author\/thofort\/"},"uagb_comment_info":0,"uagb_excerpt":"Agroecology A complex but integrative agricultural system We work without any dogma nor label. We follow many principles from agroecology and we attempt to have a holistic approach of the \u00ab\u00a0wine production\u00a0\u00bb system. We thus set up a multitude of actions to preserve the environment and the terroir. What is agroecology? Our studies in ecology\u2026","_links":{"self":[{"href":"https:\/\/mouscaillo.com\/index.php\/wp-json\/wp\/v2\/pages\/69","targetHints":{"allow":["GET"]}}],"collection":[{"href":"https:\/\/mouscaillo.com\/index.php\/wp-json\/wp\/v2\/pages"}],"about":[{"href":"https:\/\/mouscaillo.com\/index.php\/wp-json\/wp\/v2\/types\/page"}],"author":[{"embeddable":true,"href":"https:\/\/mouscaillo.com\/index.php\/wp-json\/wp\/v2\/users\/1"}],"replies":[{"embeddable":true,"href":"https:\/\/mouscaillo.com\/index.php\/wp-json\/wp\/v2\/comments?post=69"}],"version-history":[{"count":0,"href":"https:\/\/mouscaillo.com\/index.php\/wp-json\/wp\/v2\/pages\/69\/revisions"}],"wp:attachment":[{"href":"https:\/\/mouscaillo.com\/index.php\/wp-json\/wp\/v2\/media?parent=69"}],"curies":[{"name":"wp","href":"https:\/\/api.w.org\/{rel}","templated":true}]}}