{"id":8,"date":"2025-09-12T21:53:49","date_gmt":"2025-09-12T19:53:49","guid":{"rendered":"https:\/\/mouscaillo.com\/?page_id=8"},"modified":"2025-09-22T18:21:50","modified_gmt":"2025-09-22T16:21:50","slug":"agroecologie","status":"publish","type":"page","link":"https:\/\/mouscaillo.com\/index.php\/fr\/agroecologie\/","title":{"rendered":"Agro\u00e9cologie"},"content":{"rendered":"\n<div class=\"wp-block-uagb-container uagb-block-01362ace alignwide uagb-is-root-container\">\n<div class=\"wp-block-group is-vertical is-content-justification-center is-layout-flex wp-container-core-group-is-layout-ce155fab wp-block-group-is-layout-flex\">\n<p class=\"has-text-align-center has-palette-color-9-color has-text-color has-link-color has-xx-large-font-size wp-elements-6d3907899d78848610a8c639eeb33f96\">Agro\u00e9cologie<\/p>\n\n\n\n<p class=\"has-text-align-center has-palette-color-9-color has-text-color has-link-color has-large-font-size wp-elements-dcb3648d7d2210e49cfe15ce9228e73a\">Un syst\u00e8me agricole complexe mais int\u00e9gr\u00e9<\/p>\n<\/div>\n<\/div>\n\n\n\n<h2 class=\"wp-block-heading\">Notre travail, au quotidien<\/h2>\n\n\n\n<p>Nous travaillons sans dogme ni croyances. Nous suivons les principes de l&rsquo;agro\u00e9cologie et tentons d&rsquo;adopter une vision holistique du syst\u00e8me vigne-vin. Nous mettons ainsi en place une multitude d&rsquo;actions, qui visent \u00e0 pr\u00e9server l&rsquo;environnement et le terroir.<\/p>\n\n\n\n<h2 class=\"wp-block-heading\">Qu&rsquo;est-ce que l&rsquo;agro\u00e9cologie ?<\/h2>\n\n\n\n<p>Nos \u00e9tudes en \u00e9cologie nous poussent \u00e0 chercher les meilleurs moyen de pr\u00e9server l&rsquo;environnement et le terroir, tout en ayant des vignes en bonne sant\u00e9.<br>Nous \u00e9vitons de faire du r\u00e9ductionnisme et essayons d&rsquo;avoir une approche holistique. Au lieu de chercher une solution unique \u00e0 un probl\u00e8me, nous tenons compte de la complexit\u00e9 du syst\u00e8me, et nous travaillons sur une multitude de leviers diff\u00e9rents.<br>L\u2019agro\u00e9cologie nous donne ainsi une vision globale, qui prend en compte autant les dimensions agricoles, agronomiques, \u0153nologiques, sociales, sanitaires, \u2026<br>Vous pouvez trouver une d\u00e9finition plus compl\u00e8te sur le dictionnaire d\u2019agro\u00e9cologie de l&rsquo;INRAE, <a href=\"https:\/\/dicoagroecologie.fr\/encyclopedie\/agroecologie\/\">dicoAE<\/a>.<\/p>\n\n\n\n<div class=\"wp-block-columns alignfull is-not-stacked-on-mobile is-layout-flex wp-container-core-columns-is-layout-28f84493 wp-block-columns-is-layout-flex\">\n<div class=\"wp-block-column is-layout-flow wp-block-column-is-layout-flow\">\n<figure class=\"wp-block-image size-large\"><img loading=\"lazy\" decoding=\"async\" width=\"1024\" height=\"768\" src=\"https:\/\/mouscaillo.com\/wp-content\/uploads\/2025\/09\/20190711_190519-1024x768.jpg\" alt=\"\" class=\"wp-image-279\" srcset=\"https:\/\/mouscaillo.com\/wp-content\/uploads\/2025\/09\/20190711_190519-1024x768.jpg 1024w, https:\/\/mouscaillo.com\/wp-content\/uploads\/2025\/09\/20190711_190519-300x225.jpg 300w, https:\/\/mouscaillo.com\/wp-content\/uploads\/2025\/09\/20190711_190519-768x576.jpg 768w, https:\/\/mouscaillo.com\/wp-content\/uploads\/2025\/09\/20190711_190519-1536x1152.jpg 1536w, https:\/\/mouscaillo.com\/wp-content\/uploads\/2025\/09\/20190711_190519.jpg 1811w\" sizes=\"auto, (max-width: 1024px) 100vw, 1024px\" \/><\/figure>\n<\/div>\n\n\n\n<div class=\"wp-block-column is-layout-flow wp-block-column-is-layout-flow\">\n<figure class=\"wp-block-image size-large\"><img loading=\"lazy\" decoding=\"async\" width=\"1024\" height=\"768\" src=\"https:\/\/mouscaillo.com\/wp-content\/uploads\/2025\/09\/IMG_0068-1024x768.jpg\" alt=\"\" class=\"wp-image-282\" srcset=\"https:\/\/mouscaillo.com\/wp-content\/uploads\/2025\/09\/IMG_0068-1024x768.jpg 1024w, https:\/\/mouscaillo.com\/wp-content\/uploads\/2025\/09\/IMG_0068-300x225.jpg 300w, https:\/\/mouscaillo.com\/wp-content\/uploads\/2025\/09\/IMG_0068-768x576.jpg 768w, https:\/\/mouscaillo.com\/wp-content\/uploads\/2025\/09\/IMG_0068-1536x1152.jpg 1536w, https:\/\/mouscaillo.com\/wp-content\/uploads\/2025\/09\/IMG_0068-2048x1536.jpg 2048w\" sizes=\"auto, (max-width: 1024px) 100vw, 1024px\" \/><\/figure>\n<\/div>\n\n\n\n<div class=\"wp-block-column is-layout-flow wp-block-column-is-layout-flow\">\n<figure class=\"wp-block-image size-full\"><img loading=\"lazy\" decoding=\"async\" width=\"1813\" height=\"1360\" src=\"https:\/\/mouscaillo.com\/wp-content\/uploads\/2025\/09\/20210923_121311-1.jpg\" alt=\"\" class=\"wp-image-296\" srcset=\"https:\/\/mouscaillo.com\/wp-content\/uploads\/2025\/09\/20210923_121311-1.jpg 1813w, https:\/\/mouscaillo.com\/wp-content\/uploads\/2025\/09\/20210923_121311-1-300x225.jpg 300w, https:\/\/mouscaillo.com\/wp-content\/uploads\/2025\/09\/20210923_121311-1-1024x768.jpg 1024w, https:\/\/mouscaillo.com\/wp-content\/uploads\/2025\/09\/20210923_121311-1-768x576.jpg 768w, https:\/\/mouscaillo.com\/wp-content\/uploads\/2025\/09\/20210923_121311-1-1536x1152.jpg 1536w\" sizes=\"auto, (max-width: 1813px) 100vw, 1813px\" \/><\/figure>\n<\/div>\n<\/div>\n\n\n\n<h2 class=\"wp-block-heading\">Des labels ?<\/h2>\n\n\n\n<p>Nous pourrions simplement vous dire que nous sommes certifi\u00e9s <strong>HVE<\/strong> depuis 2018, et labelis\u00e9s <strong>Agriculture Biologique<\/strong> depuis 2025. Mais ce ne sera jamais qu&rsquo;un r\u00e9sum\u00e9 simpliste de ce que nous mettons en oeuvre : aucun cahier des charges national ou europ\u00e9en ne tiennent pas compte de la diversit\u00e9 des terroirs,<br><\/p>\n\n\n\n<div class=\"wp-block-group is-content-justification-center is-nowrap is-layout-flex wp-container-core-group-is-layout-23441af8 wp-block-group-is-layout-flex\">\n<figure class=\"wp-block-image size-large is-resized is-style-default\"><img loading=\"lazy\" decoding=\"async\" width=\"500\" height=\"500\" src=\"https:\/\/mouscaillo.com\/wp-content\/uploads\/2025\/09\/hve_couleur.png\" alt=\"\" class=\"wp-image-286\" style=\"width:126px;height:auto\" srcset=\"https:\/\/mouscaillo.com\/wp-content\/uploads\/2025\/09\/hve_couleur.png 500w, https:\/\/mouscaillo.com\/wp-content\/uploads\/2025\/09\/hve_couleur-300x300.png 300w, https:\/\/mouscaillo.com\/wp-content\/uploads\/2025\/09\/hve_couleur-150x150.png 150w\" sizes=\"auto, (max-width: 500px) 100vw, 500px\" \/><\/figure>\n\n\n\n<figure class=\"wp-block-image size-large is-resized\"><img loading=\"lazy\" decoding=\"async\" width=\"736\" height=\"1024\" src=\"https:\/\/mouscaillo.com\/wp-content\/uploads\/2025\/09\/AB_cert_HD-736x1024.jpg\" alt=\"\" class=\"wp-image-287\" style=\"width:98px;height:auto\" srcset=\"https:\/\/mouscaillo.com\/wp-content\/uploads\/2025\/09\/AB_cert_HD-736x1024.jpg 736w, https:\/\/mouscaillo.com\/wp-content\/uploads\/2025\/09\/AB_cert_HD-216x300.jpg 216w, https:\/\/mouscaillo.com\/wp-content\/uploads\/2025\/09\/AB_cert_HD-768x1068.jpg 768w, https:\/\/mouscaillo.com\/wp-content\/uploads\/2025\/09\/AB_cert_HD-1104x1536.jpg 1104w, https:\/\/mouscaillo.com\/wp-content\/uploads\/2025\/09\/AB_cert_HD-1472x2048.jpg 1472w, https:\/\/mouscaillo.com\/wp-content\/uploads\/2025\/09\/AB_cert_HD.jpg 1833w\" sizes=\"auto, (max-width: 736px) 100vw, 736px\" \/><\/figure>\n\n\n\n<figure class=\"wp-block-image size-large is-resized\"><img loading=\"lazy\" decoding=\"async\" width=\"638\" height=\"425\" src=\"https:\/\/mouscaillo.com\/wp-content\/uploads\/2025\/09\/logoeuropeenpantoneAB.jpg\" alt=\"\" class=\"wp-image-288\" style=\"width:131px;height:auto\" srcset=\"https:\/\/mouscaillo.com\/wp-content\/uploads\/2025\/09\/logoeuropeenpantoneAB.jpg 638w, https:\/\/mouscaillo.com\/wp-content\/uploads\/2025\/09\/logoeuropeenpantoneAB-300x200.jpg 300w\" sizes=\"auto, (max-width: 638px) 100vw, 638px\" \/><\/figure>\n<\/div>\n\n\n\n<h2 class=\"wp-block-heading\">Et concr\u00e8tement, qu&rsquo;est-ce qu&rsquo;on fait ?<\/h2>\n\n\n\n<p>Voici une liste non exhaustive des diff\u00e9rentes actions que nous mettons en place sur le domaine. Ces pratiques sont toutes interconnect\u00e9es : c&rsquo;est l&rsquo;ensemble qui permet, \u00e0 terme, d&rsquo;atteindre les objectifs que nous nous sommes fix\u00e9s.<\/p>\n\n\n\n<figure class=\"wp-block-table\"><table class=\"has-fixed-layout\"><tbody><tr><td><strong>Objectif agro\u00e9cologique<\/strong><\/td><td><strong>Actions<\/strong><\/td><\/tr><tr><td>Reconstruire des corridors \u00e9cologiques et \u00e9viter la fragmentation des habitats<\/td><td>Restauration et entretien de haies<\/td><\/tr><tr><td>Limiter les flux vers les \u00e9cosyst\u00e8mes voisins<\/td><td>Maintien des bandes enherb\u00e9es et haies en bordure de parcelle<\/td><\/tr><tr><td>Pr\u00e9server de la biodiversit\u00e9 d&rsquo;esp\u00e8ces et d&rsquo;habitats<\/td><td>Conservation d&rsquo;une diversit\u00e9 d&rsquo;habitats dans le paysage environnant : for\u00eats, prairies, zones humides&#8230; Am\u00e9nagement de refuges pour la petite faune (chiropt\u00e8res, col\u00e9opt\u00e8res, arachnides, &#8230;)<\/td><\/tr><tr><td>Limiter l&rsquo;\u00e9rosion des sols<\/td><td>Enherbement naturel et semi-naturel en inter-rang Entretien des haies et des bordures de parcelles<\/td><\/tr><tr><td>Restaurer une flore locale plus diversifi\u00e9e en inter-rangs<\/td><td>Pas de d\u00e9sherbage chimique<\/td><\/tr><tr><td>R\u00e9duire la quantit\u00e9 de produits phytosanitaires<\/td><td>Diminution des doses de produits phytosanitaires naturels (souffre \/ cuivre). Surveillance des cycles de vie des pathog\u00e8nes et ravageurs Mod\u00e9lisation des attaques de ravageurs et de parasites sur la vigne. Utilisation de biocontr\u00f4les (pi\u00e8ges \u00e0 ph\u00e9romones, stimulateurs de d\u00e9fenses naturelles) Suivi et maintien des populations d&rsquo;auxiliaires de la vigne (chiropt\u00e8res, acariens, araign\u00e9es, col\u00e9opt\u00e8res, &#8230;)<\/td><\/tr><tr><td>R\u00e9duire la pollution organique<\/td><td>Pas d&rsquo;apport massif d&rsquo;engrais : apport tr\u00e8s localis\u00e9, uniquement si n\u00e9cessaire Semis de plantes en inter-rangs servant d&rsquo;engrais verts<\/td><\/tr><tr><td>R\u00e9duire les risques en terme de sant\u00e9 humaine<\/td><td>Aucune utilisation de produit class\u00e9s CMR (Canc\u00e9rig\u00e8ne Mutag\u00e8ne Reprotoxique) R\u00e9duction des intrants Aucun intrant non-biologique dans les vins (\u00e0 l&rsquo;exception des sulfites, dont l&rsquo;apport est tr\u00e8s r\u00e9duit)<\/td><\/tr><tr><td>Pr\u00e9server l&rsquo;\u00e9cosyst\u00e8me sol<\/td><td>Limiter le travail m\u00e9canique du sol R\u00e9duction des intrants \u00c9viter le passage de tracteur dans toutes les rang\u00e9es (limiter le tassement)<\/td><\/tr><tr><td>Allonger la dur\u00e9e de vie des vignes et lutter contre les maladies du bois<\/td><td>Greffage en place Test de m\u00e9thodes de taille alternatives Curetage du bois mort Remplacement des manquants Rec\u00e9page des ceps de vigne atteints de maladies du bois<\/td><\/tr><tr><td>Changement de politique \u00e9nerg\u00e9tique<\/td><td>Construction d&rsquo;un puit canadien afin de r\u00e9guler la temp\u00e9rature du chai Mise en place de panneaux photovolta\u00efques Limiter les passages de tracteur Eviter l&rsquo;exc\u00e8s d&rsquo;utilisation du chauffage et de la climatisation des chais<\/td><\/tr><\/tbody><\/table><\/figure>\n","protected":false},"excerpt":{"rendered":"<p>Agro\u00e9cologie Un syst\u00e8me agricole complexe mais int\u00e9gr\u00e9 Notre travail, au quotidien Nous travaillons sans dogme ni croyances. Nous suivons les principes de l&rsquo;agro\u00e9cologie et tentons d&rsquo;adopter une vision holistique du syst\u00e8me vigne-vin. Nous mettons ainsi en place une multitude d&rsquo;actions, qui visent \u00e0 pr\u00e9server l&rsquo;environnement et le terroir. Qu&rsquo;est-ce que l&rsquo;agro\u00e9cologie ? Nos \u00e9tudes en [&hellip;]<\/p>\n","protected":false},"author":1,"featured_media":0,"parent":0,"menu_order":0,"comment_status":"closed","ping_status":"closed","template":"","meta":{"_uag_custom_page_level_css":"","footnotes":""},"class_list":["post-8","page","type-page","status-publish","hentry"],"blocksy_meta":[],"uagb_featured_image_src":{"full":false,"thumbnail":false,"medium":false,"medium_large":false,"large":false,"1536x1536":false,"2048x2048":false},"uagb_author_info":{"display_name":"Thofort","author_link":"https:\/\/mouscaillo.com\/index.php\/author\/thofort\/"},"uagb_comment_info":0,"uagb_excerpt":"Agro\u00e9cologie Un syst\u00e8me agricole complexe mais int\u00e9gr\u00e9 Notre travail, au quotidien Nous travaillons sans dogme ni croyances. Nous suivons les principes de l&rsquo;agro\u00e9cologie et tentons d&rsquo;adopter une vision holistique du syst\u00e8me vigne-vin. Nous mettons ainsi en place une multitude d&rsquo;actions, qui visent \u00e0 pr\u00e9server l&rsquo;environnement et le terroir. Qu&rsquo;est-ce que l&rsquo;agro\u00e9cologie ? Nos \u00e9tudes en\u2026","_links":{"self":[{"href":"https:\/\/mouscaillo.com\/index.php\/wp-json\/wp\/v2\/pages\/8","targetHints":{"allow":["GET"]}}],"collection":[{"href":"https:\/\/mouscaillo.com\/index.php\/wp-json\/wp\/v2\/pages"}],"about":[{"href":"https:\/\/mouscaillo.com\/index.php\/wp-json\/wp\/v2\/types\/page"}],"author":[{"embeddable":true,"href":"https:\/\/mouscaillo.com\/index.php\/wp-json\/wp\/v2\/users\/1"}],"replies":[{"embeddable":true,"href":"https:\/\/mouscaillo.com\/index.php\/wp-json\/wp\/v2\/comments?post=8"}],"version-history":[{"count":0,"href":"https:\/\/mouscaillo.com\/index.php\/wp-json\/wp\/v2\/pages\/8\/revisions"}],"wp:attachment":[{"href":"https:\/\/mouscaillo.com\/index.php\/wp-json\/wp\/v2\/media?parent=8"}],"curies":[{"name":"wp","href":"https:\/\/api.w.org\/{rel}","templated":true}]}}

Agroécologie

<div class="wp-block-uagb-container uagb-block-01362ace alignwide uagb-is-root-container">
<div class="wp-block-group is-vertical is-content-justification-center is-layout-flex wp-container-core-group-is-layout-ce155fab wp-block-group-is-layout-flex">
<p class="has-text-align-center has-palette-color-9-color has-text-color has-link-color has-xx-large-font-size wp-elements-6d3907899d78848610a8c639eeb33f96">Agroécologie</p>



<p class="has-text-align-center has-palette-color-9-color has-text-color has-link-color has-large-font-size wp-elements-dcb3648d7d2210e49cfe15ce9228e73a">Un système agricole complexe mais intégré</p>
</div>
</div>



<h2 class="wp-block-heading">Notre travail, au quotidien</h2>



<p>Nous travaillons sans dogme ni croyances. Nous suivons les principes de l&rsquo;agroécologie et tentons d&rsquo;adopter une vision holistique du système vigne-vin. Nous mettons ainsi en place une multitude d&rsquo;actions, qui visent à préserver l&rsquo;environnement et le terroir.</p>



<h2 class="wp-block-heading">Qu&rsquo;est-ce que l&rsquo;agroécologie ?</h2>



<p>Nos études en écologie nous poussent à chercher les meilleurs moyen de préserver l&rsquo;environnement et le terroir, tout en ayant des vignes en bonne santé.<br>Nous évitons de faire du réductionnisme et essayons d&rsquo;avoir une approche holistique. Au lieu de chercher une solution unique à un problème, nous tenons compte de la complexité du système, et nous travaillons sur une multitude de leviers différents.<br>L’agroécologie nous donne ainsi une vision globale, qui prend en compte autant les dimensions agricoles, agronomiques, œnologiques, sociales, sanitaires, …<br>Vous pouvez trouver une définition plus complète sur le dictionnaire d’agroécologie de l&rsquo;INRAE, <a href="https://dicoagroecologie.fr/encyclopedie/agroecologie/">dicoAE</a>.</p>



<div class="wp-block-columns alignfull is-not-stacked-on-mobile is-layout-flex wp-container-core-columns-is-layout-28f84493 wp-block-columns-is-layout-flex">
<div class="wp-block-column is-layout-flow wp-block-column-is-layout-flow">
<figure class="wp-block-image size-large"><img loading="lazy" decoding="async" width="1024" height="768" src="https://mouscaillo.com/wp-content/uploads/2025/09/20190711_190519-1024x768.jpg" alt="" class="wp-image-279" srcset="https://mouscaillo.com/wp-content/uploads/2025/09/20190711_190519-1024x768.jpg 1024w, https://mouscaillo.com/wp-content/uploads/2025/09/20190711_190519-300x225.jpg 300w, https://mouscaillo.com/wp-content/uploads/2025/09/20190711_190519-768x576.jpg 768w, https://mouscaillo.com/wp-content/uploads/2025/09/20190711_190519-1536x1152.jpg 1536w, https://mouscaillo.com/wp-content/uploads/2025/09/20190711_190519.jpg 1811w" sizes="auto, (max-width: 1024px) 100vw, 1024px" /></figure>
</div>



<div class="wp-block-column is-layout-flow wp-block-column-is-layout-flow">
<figure class="wp-block-image size-large"><img loading="lazy" decoding="async" width="1024" height="768" src="https://mouscaillo.com/wp-content/uploads/2025/09/IMG_0068-1024x768.jpg" alt="" class="wp-image-282" srcset="https://mouscaillo.com/wp-content/uploads/2025/09/IMG_0068-1024x768.jpg 1024w, https://mouscaillo.com/wp-content/uploads/2025/09/IMG_0068-300x225.jpg 300w, https://mouscaillo.com/wp-content/uploads/2025/09/IMG_0068-768x576.jpg 768w, https://mouscaillo.com/wp-content/uploads/2025/09/IMG_0068-1536x1152.jpg 1536w, https://mouscaillo.com/wp-content/uploads/2025/09/IMG_0068-2048x1536.jpg 2048w" sizes="auto, (max-width: 1024px) 100vw, 1024px" /></figure>
</div>



<div class="wp-block-column is-layout-flow wp-block-column-is-layout-flow">
<figure class="wp-block-image size-full"><img loading="lazy" decoding="async" width="1813" height="1360" src="https://mouscaillo.com/wp-content/uploads/2025/09/20210923_121311-1.jpg" alt="" class="wp-image-296" srcset="https://mouscaillo.com/wp-content/uploads/2025/09/20210923_121311-1.jpg 1813w, https://mouscaillo.com/wp-content/uploads/2025/09/20210923_121311-1-300x225.jpg 300w, https://mouscaillo.com/wp-content/uploads/2025/09/20210923_121311-1-1024x768.jpg 1024w, https://mouscaillo.com/wp-content/uploads/2025/09/20210923_121311-1-768x576.jpg 768w, https://mouscaillo.com/wp-content/uploads/2025/09/20210923_121311-1-1536x1152.jpg 1536w" sizes="auto, (max-width: 1813px) 100vw, 1813px" /></figure>
</div>
</div>



<h2 class="wp-block-heading">Des labels ?</h2>



<p>Nous pourrions simplement vous dire que nous sommes certifiés <strong>HVE</strong> depuis 2018, et labelisés <strong>Agriculture Biologique</strong> depuis 2025. Mais ce ne sera jamais qu&rsquo;un résumé simpliste de ce que nous mettons en oeuvre : aucun cahier des charges national ou européen ne tiennent pas compte de la diversité des terroirs,<br></p>



<div class="wp-block-group is-content-justification-center is-nowrap is-layout-flex wp-container-core-group-is-layout-23441af8 wp-block-group-is-layout-flex">
<figure class="wp-block-image size-large is-resized is-style-default"><img loading="lazy" decoding="async" width="500" height="500" src="https://mouscaillo.com/wp-content/uploads/2025/09/hve_couleur.png" alt="" class="wp-image-286" style="width:126px;height:auto" srcset="https://mouscaillo.com/wp-content/uploads/2025/09/hve_couleur.png 500w, https://mouscaillo.com/wp-content/uploads/2025/09/hve_couleur-300x300.png 300w, https://mouscaillo.com/wp-content/uploads/2025/09/hve_couleur-150x150.png 150w" sizes="auto, (max-width: 500px) 100vw, 500px" /></figure>



<figure class="wp-block-image size-large is-resized"><img loading="lazy" decoding="async" width="736" height="1024" src="https://mouscaillo.com/wp-content/uploads/2025/09/AB_cert_HD-736x1024.jpg" alt="" class="wp-image-287" style="width:98px;height:auto" srcset="https://mouscaillo.com/wp-content/uploads/2025/09/AB_cert_HD-736x1024.jpg 736w, https://mouscaillo.com/wp-content/uploads/2025/09/AB_cert_HD-216x300.jpg 216w, https://mouscaillo.com/wp-content/uploads/2025/09/AB_cert_HD-768x1068.jpg 768w, https://mouscaillo.com/wp-content/uploads/2025/09/AB_cert_HD-1104x1536.jpg 1104w, https://mouscaillo.com/wp-content/uploads/2025/09/AB_cert_HD-1472x2048.jpg 1472w, https://mouscaillo.com/wp-content/uploads/2025/09/AB_cert_HD.jpg 1833w" sizes="auto, (max-width: 736px) 100vw, 736px" /></figure>



<figure class="wp-block-image size-large is-resized"><img loading="lazy" decoding="async" width="638" height="425" src="https://mouscaillo.com/wp-content/uploads/2025/09/logoeuropeenpantoneAB.jpg" alt="" class="wp-image-288" style="width:131px;height:auto" srcset="https://mouscaillo.com/wp-content/uploads/2025/09/logoeuropeenpantoneAB.jpg 638w, https://mouscaillo.com/wp-content/uploads/2025/09/logoeuropeenpantoneAB-300x200.jpg 300w" sizes="auto, (max-width: 638px) 100vw, 638px" /></figure>
</div>



<h2 class="wp-block-heading">Et concrètement, qu&rsquo;est-ce qu&rsquo;on fait ?</h2>



<p>Voici une liste non exhaustive des différentes actions que nous mettons en place sur le domaine. Ces pratiques sont toutes interconnectées : c&rsquo;est l&rsquo;ensemble qui permet, à terme, d&rsquo;atteindre les objectifs que nous nous sommes fixés.</p>



<figure class="wp-block-table"><table class="has-fixed-layout"><tbody><tr><td><strong>Objectif agroécologique</strong></td><td><strong>Actions</strong></td></tr><tr><td>Reconstruire des corridors écologiques et éviter la fragmentation des habitats</td><td>Restauration et entretien de haies</td></tr><tr><td>Limiter les flux vers les écosystèmes voisins</td><td>Maintien des bandes enherbées et haies en bordure de parcelle</td></tr><tr><td>Préserver de la biodiversité d&rsquo;espèces et d&rsquo;habitats</td><td>Conservation d&rsquo;une diversité d&rsquo;habitats dans le paysage environnant : forêts, prairies, zones humides&#8230; Aménagement de refuges pour la petite faune (chiroptères, coléoptères, arachnides, &#8230;)</td></tr><tr><td>Limiter l&rsquo;érosion des sols</td><td>Enherbement naturel et semi-naturel en inter-rang Entretien des haies et des bordures de parcelles</td></tr><tr><td>Restaurer une flore locale plus diversifiée en inter-rangs</td><td>Pas de désherbage chimique</td></tr><tr><td>Réduire la quantité de produits phytosanitaires</td><td>Diminution des doses de produits phytosanitaires naturels (souffre / cuivre). Surveillance des cycles de vie des pathogènes et ravageurs Modélisation des attaques de ravageurs et de parasites sur la vigne. Utilisation de biocontrôles (pièges à phéromones, stimulateurs de défenses naturelles) Suivi et maintien des populations d&rsquo;auxiliaires de la vigne (chiroptères, acariens, araignées, coléoptères, &#8230;)</td></tr><tr><td>Réduire la pollution organique</td><td>Pas d&rsquo;apport massif d&rsquo;engrais : apport très localisé, uniquement si nécessaire Semis de plantes en inter-rangs servant d&rsquo;engrais verts</td></tr><tr><td>Réduire les risques en terme de santé humaine</td><td>Aucune utilisation de produit classés CMR (Cancérigène Mutagène Reprotoxique) Réduction des intrants Aucun intrant non-biologique dans les vins (à l&rsquo;exception des sulfites, dont l&rsquo;apport est très réduit)</td></tr><tr><td>Préserver l&rsquo;écosystème sol</td><td>Limiter le travail mécanique du sol Réduction des intrants Éviter le passage de tracteur dans toutes les rangées (limiter le tassement)</td></tr><tr><td>Allonger la durée de vie des vignes et lutter contre les maladies du bois</td><td>Greffage en place Test de méthodes de taille alternatives Curetage du bois mort Remplacement des manquants Recépage des ceps de vigne atteints de maladies du bois</td></tr><tr><td>Changement de politique énergétique</td><td>Construction d&rsquo;un puit canadien afin de réguler la température du chai Mise en place de panneaux photovoltaïques Limiter les passages de tracteur Eviter l&rsquo;excès d&rsquo;utilisation du chauffage et de la climatisation des chais</td></tr></tbody></table></figure>

<p>Agroécologie Un système agricole complexe mais intégré Notre travail, au quotidien Nous travaillons sans dogme ni croyances. Nous suivons les principes de l&rsquo;agroécologie et tentons d&rsquo;adopter une vision holistique du système vigne-vin. Nous mettons ainsi en place une multitude d&rsquo;actions, qui visent à préserver l&rsquo;environnement et le terroir. Qu&rsquo;est-ce que l&rsquo;agroécologie ? Nos études en [&hellip;]</p>

Agroécologie Un système agricole complexe mais intégré Notre travail, au quotidien Nous travaillons sans dogme ni croyances. Nous suivons les principes de l&rsquo;agroécologie et tentons d&rsquo;adopter une vision holistique du système vigne-vin. Nous mettons ainsi en place une multitude d&rsquo;actions, qui visent à préserver l&rsquo;environnement et le terroir. Qu&rsquo;est-ce que l&rsquo;agroécologie ? Nos études en…
